8 = 0. Suppose 9*l - 48 + 12 = 0. Suppose -x = -l*a + a. List the prime factors of a.
13
Let a(l) be the first derivative of 127*l**3/3 + 3*l**2/2 + 22*l + 88. What are the prime factors of a(-4)?
2, 1021
Let c(j) = -2*j**3 - 11*j**2 + 2*j + 7. Let w be c(-6). Let o = 9 - 0. Let l = w - o. What are the prime factors of l?
2, 11
Let k = -1341 + -66. Let b = 2430 + k. What are the prime factors of b?
3, 11, 31
Let t(p) be the first derivative of 4*p - 11/2*p**2 + 46 + p**3. List the prime factors of t(8).
2, 3
Let j be (-10)/(-37 + -3) - (-3310)/8. Suppose -j*k = -413*k - 21. What are the prime factors of k?
3, 7
Let q be (-2 - (-9)/6)/((-6)/96). Suppose -q*o + 2336 = -0*o. What are the prime factors of o + 1 - -1 - 12/12?
293
Let d(v) = 7*v**2 + 409*v + 22. List the prime factors of d(-63).
2, 1019
Let g(u) = 488*u**2 - 40*u - 266. Let v be g(-6). Suppose 16*d = 30*d - v. What are the prime factors of d?
7, 179
Let u = 79 - 73. Suppose 4*r - 18 = -u. Suppose 5*o = -3*b + 393, -b = -r*b - 8. List the prime factors of o.
3
Let g(q) = -2273*q + 974. List the prime factors of g(-15).
35069
List the prime factors of 5 + -7 + -7077*1*-1.
5, 283
Let r = -172 + 178. Suppose 2298 = 5*p - 2*h, -r*h + 9*h - 904 = -2*p. What are the prime factors of p?
2, 229
Let s = 819 + -815. Suppose -s*k + 5832 = 5*m, -2*k - 4647 = -4*m + k. What are the prime factors of m?
2, 3, 97
Suppose -r - 5*f + 35 = 4*r, 0 = -r + f - 1. Suppose r*j = 1060 + 1334. What are the prime factors of j?
2, 3, 7, 19
Let b(r) = 3*r + 4 + 0*r + 2 + 3. Let o be b(15). Let z = 76 - o. What are the prime factors of z?
2, 11
Let l(f) = 17*f - 116. Let s be l(7). Let c(t) = 49*t**3 + 4*t**2 - 7*t + 13. List the prime factors of c(s).
7, 193
Let o(z) = 7991*z + 2737. What are the prime factors of o(6)?
50683
Let c(m) be the third derivative of -m**6/120 + 13*m**5/60 + 5*m**4/24 + 8*m**3/3 + 23*m**2. Let h be c(13). Let y = -57 + h. What are the prime factors of y?
2, 3
Let b = 203 + -152. Let m = 366 - b. What are the prime factors of m?
3, 5, 7
Let n be (-37 + -13)*6*(-2)/(-3). Let i = 286 + n. What are the prime factors of i?
2, 43
Suppose 0 = -t - 44 + 53. What are the prime factors of t/15*(-4 + 849)?
3, 13
Let c(d) be the second derivative of d**3/6 - 2*d**2 + 17*d. Let j be c(0). List the prime factors of (-1)/j*632/(5 - 3).
79
Suppose x - 15507 = -s + 10262, 0 = -3*s + x + 77339. What are the prime factors of s?
149, 173
Let o(s) = 25*s - 28. Suppose -4*d - 4 = -5*y, 4*d - 18 - 14 = -4*y. Let u be o(y). Suppose c - u - 63 = 0. List the prime factors of c.
3, 5
Let o = 2593 - 1105. Suppose -2*r + o = 2*k, -3*r + 2237 = -16*k + 14*k. What are the prime factors of r?
5, 149
Let m(l) = 5719*l**2 + 17*l + 1. List the prime factors of m(-1).
3, 1901
Let z(h) = 140 - 31*h - 62 - 66. What are the prime factors of z(-8)?
2, 5, 13
Let s(y) = 81*y**3 + 4*y**2 + 100*y - 429. What are the prime factors of s(5)?
2, 3, 11, 13
Suppose -26*j = -162507 - 230587. What are the prime factors of j?
13, 1163
Let v(x) = -38*x**2 - 2*x + 22676. What are the prime factors of v(0)?
2, 5669
Let t = 128 - 125. Suppose t*w + 1 = -4*u + 6, -5*u + 2*w + 35 = 0. Suppose 12*b - 1176 = u*b. What are the prime factors of b?
2, 3, 7
Let x = 1084 - 633. Let g = -261 + x. Suppose 0 = 4*q + 4*n - 232, -47 = -4*q - 5*n + g. What are the prime factors of q?
53
Let l(w) = -7*w**2 + 2*w**3 - 27*w - 3*w**3 + 18*w + 17*w. Let k be l(-8). Suppose k = 3*j - 1 - 305. List the prime factors of j.
2, 3, 17
Let c = -53 + 54. Let f be 393/(4/2 - c). Suppose 4*l - f = 551. What are the prime factors of l?
2, 59
What are the prime factors of (-4 - 150/(-5))*(-2897)/(-2)?
13, 2897
Suppose 0*o = 2*i - o - 54, 17 = i - 3*o. Let p = i - -135. Suppose -3*w + p + 94 = 0. List the prime factors of w.
2, 43
Suppose 16*u - 3*u - 936 = 0. Suppose c = u + 437. List the prime factors of c.
509
Suppose -4*i + 24078 = -2*z, -52*i + 4*z = -54*i + 12054. What are the prime factors of i?
3, 223
Suppose 2970758 - 1143030 = 103*i + 9*i. List the prime factors of i.
16319
Let y be 1052 + 6/21*14/1. Suppose 12*i - 16*i + y = 0. What are the prime factors of i?
2, 3, 11
Suppose -14872 = -k - 4*g, 69451 + 64589 = 9*k + 4*g. List the prime factors of k.
2, 7, 19
Let g(a) = 35*a - 33. Let x be g(-3). Let h = x + 882. What are the prime factors of h?
2, 3, 31
Let t(r) = 4*r**3 - 2*r**2 + 28*r - 98. What are the prime factors of t(10)?
2, 11, 181
Let o(r) = 124*r**2 + 1. Let b be (-88)/(-10) - (-1)/5. Suppose b*a - 6*a - 3 = 0. List the prime factors of o(a).
5
Suppose 58*z - 195288 = 34*z. List the prime factors of z.
79, 103
Suppose -28238 - 49795 = -37*s. What are the prime factors of s?
3, 19, 37
Suppose 7282*m + 22876 = 7286*m - 22312. What are the prime factors of m?
11, 13, 79
Let c(w) = 223*w**2 + 474*w + 22. List the prime factors of c(-13).
31547
Suppose 4*r = 4*o - 0 - 4, o + 3*r = 5. Suppose 5*f = 5*i - 2900, -o*f - 2242 = -4*i + 88. What are the prime factors of i?
3, 5, 13
Let q be ((-1992)/(-10))/((-5)/(-25)). Suppose 3*r - q = -3*y, -863 = -4*r - 2*y + 469. What are the prime factors of r?
2, 167
Let j(q) = -q**3 - 5*q**2 - 4*q + 4. Let t be j(-4). Suppose -2*s - s = t*p - 970, 5*p - 1218 = -s. Suppose 29 = 7*z - p. List the prime factors of z.
3, 13
Let j = 1887 + 1518. Suppose -j = -33*p + 2238. What are the prime factors of p?
3, 19
Suppose 0 = -45*q + 43*q + 994. Suppose 2*r - 1006 = 4*c, -2*r = -r - 5*c - q. What are the prime factors of r?
3, 13
Let g be (3 - (3 + -4))*8. Suppose 3*c + g = -5*p, c - 4*c - p = 28. Let k = c + 78. What are the prime factors of k?
3, 23
Let q = -104 - -294. Let h = q - -43. What are the prime factors of h?
233
Let o(m) = -3*m**2 + 17*m - 30. Let p be o(2). Let f(h) = -97*h - 227. List the prime factors of f(p).
3, 61
Let k(i) be the third derivative of 1/6*i**5 + 1/120*i**6 + 5/3*i**3 - 25*i**2 + 0 + 7/24*i**4 + 0*i. List the prime factors of k(-8).
2, 41
Let f be (-4)/3*3/2. Let w be f/6 - 3395/(-15). Suppose o - 54 = 5*j, -4*o = 4*j - 38 - w. What are the prime factors of o?
2
Suppose 6*t = -5*i + 2*t - 1677, 3*i + t + 1002 = 0. Suppose 0 = 4*o - 307 - 1637. Let c = o + i. What are the prime factors of c?
3, 17
Suppose 11*y = 5*p + 13*y - 14, 12 = 4*p + 2*y. What are the prime factors of 328 + ((-76)/(-57) - p/6)?
7, 47
Let x = -20 - -7. Let q(t) = -5*t + 9. Let s be q(x). Suppose -m + 3*m = -5*n + 7, 2*n + s = 4*m. List the prime factors of m.
2
Suppose -8*q + 7*q - 3*v + 8490 = 0, -4*q - 4*v = -33928. What are the prime factors of q?
2, 3, 157
Let n = -8 + 33. Let s(t) = t**2 - 11*t + 16. List the prime factors of s(n).
2, 3, 61
Suppose 1109 = 14*r - 13*r. Suppose -2*y - 3*s = -r, -4*s = -3*y - 3*s + 1691. What are the prime factors of y?
2, 281
Let h(s) = 1745*s**2 + 516*s + 2065. List the prime factors of h(-4).
3, 41, 227
Let f(y) = -9*y + 14. Suppose 4*h + 4*g = 140, -5*h - 3*g + 0*g + 177 = 0. Let k = 28 - h. What are the prime factors of f(k)?
2, 43
Let g = -59819 + 107481. List the prime factors of g.
2, 23831
Suppose -3*p + p + 146 = -2*c, c + 4*p = -83. Let u be -2*2/18 - c/(-27). List the prime factors of 4*(u + 135/48)*-224.
2, 3, 7
Let l = 2825 + -295. Suppose 112*y - l = 110*y. List the prime factors of y.
5, 11, 23
Let n = 579 + -464. Let x = n + 307. What are the prime factors of x?
2, 211
Let d(b) be the first derivative of -10*b**2 + 125*b + 142. List the prime factors of d(-24).
5, 11
Let v(c) = c**2 + 7*c - 50. Suppose -j - 3*u - 7 = 0, -33 = -2*j + 4*u + 3. List the prime factors of v(j).
2, 5, 7
Let a(h) = -164*h**3 + 3*h**2 - h - 3. Let q = -243 + 242. List the prime factors of a(q).
3, 5, 11
Suppose -5*j + 82881 = -d, -7*j + 4*j + 49719 = -3*d. List the prime factors of j.
11, 137
Suppose -22*z = -20*z - 6. Suppose z*n - 423 = -t, 0 = 5*n + t + 2*t - 705. List the prime factors of n.
3, 47
Let f = -143 + 146. Suppose -5*p = -f*j - 523, p + 0*p - 101 = -3*j. List the prime factors of p.
2, 13
Let n = 0 - -4. Suppose 5*l - n*c = 298, -l - c = -4*c - 53. Suppose 489 = 65*z - l*z. List the prime factors of z.
163
Let u = 10519 + -1520. List the prime factors of u.
8999
List the prime factors of 177/(-6)*-2*-1*-80.
2, 5, 59
Suppose -4*f + 16 = -36. Let k = f + 6. Suppose -k*s = -20*s + 42. 